- 94 = d*g. Is -1 - z/27 - 3800/(-9) a prime number?
False
Is (5/15)/((-30)/(-540)) + (-4486)/(-2) composite?
True
Let i(r) = 647*r**2 + 67*r - 13. Is i(16) a composite number?
True
Let f be 0 + (5 - -19911) + -5. Let m = 28690 - f. Is m prime?
True
Suppose 2*q - 4*q = 4*t + 260, 390 = -3*q + t. Let o be (-6)/5*q/78. Suppose o*m - 3442 = -0*m. Is m a prime number?
True
Let y = -98868 - -166891. Is y prime?
True
Let r(g) = 277*g - 3. Let o(f) = 5*f**2 - f + 1. Let x be o(1). Let i be r(x). Let m = -963 + i. Is m a prime number?
True
Let k be (115/10 + -1)*2. Suppose -16*p - 20 = -k*p. Is 7254/27*6/p a composite number?
True
Suppose 3487806 = 22*a - 1078490 - 2577830. Is a composite?
False
Let h(k) = 38*k**2 + 123*k**2 + 197*k**3 + 55*k**3 + 1 - 2*k - 159*k**2. Let q be 3/(-6)*4/(-2). Is h(q) a prime number?
False
Let v be (-4 - 25/(-5))*-2. Is (-3513)/6*20/v a composite number?
True
Let w = 46187 + -18954. Is w a composite number?
True
Let z = -14 + 16. Suppose -z*r - 4*l + 3006 = 0, -5*r + 5*l - 7 + 7492 = 0. Is r a prime number?
True
Suppose -4*v + 4*w + 20 = 0, -5*v - 7*w = -5*w - 4. Suppose -3*j - v*j = -18815. Is j a composite number?
True
Let c(p) = -797*p - 915. Is c(-42) a prime number?
False
Is ((-318628)/46)/(782/(-8993)) a composite number?
False
Let b be -7 + -159*(-1308)/18. Suppose -a - 2*m + 174 + 2131 = 0, -5*a = -m - b. Is a prime?
True
Let z(p) = 22 - 480*p + 530*p - 71. Is z(10) a composite number?
True
Let w(d) = 6*d**2 - 9*d - 53. Let a(j) = j**2 - j. Let p be (-90)/27*6/4. Let m(f) = p*a(f) + w(f). Is m(-22) a prime number?
False
Let f(v) = -6199*v + 5. Let a(h) = -6200*h + 7. Let l(m) = 3*a(m) - 4*f(m). Is l(4) a prime number?
False
Let n(y) be the first derivative of y**4/4 + 7*y**3/3 - y**2 - 5*y + 73. Is n(-5) a composite number?
True
Let k(j) = 364*j + 27. Let z be (6 - 1) + 1 + 2. Is k(z) a prime number?
True
Suppose 396329 - 1804563 = -37*o + 4829337. Is o prime?
False
Let v(q) = q - 5. Let r be v(5). Suppose r = -5*t + 3*z + 5361, 4*t - 4280 = -0*t - 2*z. Let p = t + -485. Is p a prime number?
False
Let r be (5 - (3 - (-972010)/(-25)))*5. Suppose -18*s + 75822 = -r. Is s prime?
True
Suppose 7131479 = 451*o - 432*o. Is o a composite number?
False
Suppose -8*x - 8 - 8 = 0. Let h be (-1)/x + (-28068)/(-24). Suppose 0 = -3*a + 3*p + h, -5*a - 5*p + 1978 = -3*p. Is a a composite number?
True
Is 15/(-20) + 2039935/20 + -5 composite?
True
Let j = -15 - -21. Let g be 4/12*1/2*j. Is 14*(g - 2)/2*-97 composite?
True
Let v(x) = 173*x - 149. Let a(t) = t**2 - 13*t + 10. Let p be a(14). Is v(p) a composite number?
False
Suppose -39*p - 42*p + 7367 = -158926. Is p composite?
False
Let z(q) = -16*q**3 - 8*q**2 + 4*q + 7. Let w be (-36)/(-20)*210/(-63). Is z(w) composite?
True
Let r(k) = 17533*k - 141. Is r(4) a prime number?
True
Let y(j) = -8*j - 19. Let m be y(-8). Is ((-20)/m)/(6/(-8289)) a prime number?
False
Let y(c) = c**2 - 9*c - 5. Let q be y(10). Suppose -6*o - 3 = w - 2*o, -q*w = 5*o - 30. Suppose w*u - 740 - 439 = 0. Is u prime?
True
Suppose -130475 = -2*r - 0*r - y, -326184 = -5*r + y. Suppose -5*z + r = -2*d, 28*z - 29*z + 13042 = 5*d. Is z a prime number?
False
Let f = -20 + 22. Suppose m - 2 = q, 3*m - f*q = -0*q + 5. Is (4 - (-1 + m)) + 139 prime?
False
Is (-3)/11 - 17203728/(-4488) a prime number?
True
Let g be (2/(-4) + 0)*24/12. Let d be ((-8)/(-6))/(g/(-9)). Is (1623/d)/(5/20) a composite number?
False
Suppose 2*h = -6, -4*q - 4*h + 0*h = 0. Is (-6 + q)*-1299 + 1 composite?
True
Suppose -402 + 102 = 10*v. Suppose -5*q - 3*s + 281 = 0, -4*q - 7*s = -2*s - 230. Let x = q + v. Is x prime?
False
Let z(o) = -4*o**3 + 13*o**2 + 3*o - 3. Let x(s) = s**3 + 17*s**2 - 17*s. Let u be x(-18). Let t = -23 - u. Is z(t) a composite number?
True
Suppose 0 = -a - 12*n + 8*n + 115831, 0 = -a - n + 115825. Is a composite?
False
Suppose 5*k = -2*k + 2*k. Suppose 13*b - 26 - 39 = k. Suppose -3*x - u + 3*u = -2707, b*u = -25. Is x prime?
False
Let c(x) = 2418*x**3 - 10*x**2 + 2*x + 11. Is c(5) a composite number?
True
Let j(n) = -133*n**2 + 50*n + 9. Let u(o) = -265*o**2 + 99*o + 17. Let z(t) = 5*j(t) - 3*u(t). Let k(g) be the first derivative of z(g). Is k(9) prime?
True
Let t = 1578021 + -618404. Is t a prime number?
True
Let a(b) be the first derivative of 136*b**3 + 6*b**2 + 2*b + 146. Is a(2) a prime number?
False
Let u be (-11)/11 - 1*-31. Suppose -3*m + 4*g + 46 = -59, 4*m - 140 = -5*g. Suppose -2935 = -m*h + u*h. Is h composite?
False
Suppose 50*r = 2*l + 48*r - 888152, 5*l - 2220398 = -r. Is l prime?
True
Let u(x) = x**2 + x - 9. Let r be u(3). Suppose -3*y - r*y = 0. Suppose 0 = -2*i + 2, -3*v + y*i + 2072 = 5*i. Is v composite?
True
Let x(g) = g**2 - 8*g + 29. Let p be x(-10). Let b = 48 + p. Is b composite?
False
Let c(s) = s**3 + 6*s**2 - 2*s - 1. Let v be c(-7). Is ((-9258)/(-8))/(v/(-144)) a prime number?
False
Let b = -17162 - -33291. Is b a composite number?
True
Let j(s) = -s**3 + 6*s**2 - 2*s - 2. Let v be j(-3). Let c = 47 - v. Let u = 131 + c. Is u composite?
True
Suppose -3*u = u - 2*u. Let g(i) = i**2 - 8*i + 265. Is g(u) a composite number?
True
Let q be 1 + (-6)/14 + 19386/7. Let v = q + -1619. Is v prime?
True
Let d(k) = -6*k - 14. Let m be d(6). Let o = 50 + m. Suppose -5*v - 3950 = -5*j, -2*v + 2 = -o*v. Is j a composite number?
True
Suppose 2*b + 1922 = -3*p + 79521, 2*p + 3*b - 51731 = 0. Is p prime?
True
Let m be (-2)/16 + 45/40. Is 6*((-124)/(-3) + m/1) prime?
False
Suppose 375425 = 4*h + 5*v, -187714 = -2*h - 13*v + 9*v. Is (13/((-156)/(-8)))/(2/h) a composite number?
True
Is ((-38)/(-14) - 3)/(18/473949*-1) composite?
False
Suppose 3*o + 105893 = -4*i, -8*i - 52974 = -6*i - 4*o. Is i/(-4) + (-17)/68 composite?
False
Let d(z) = 45*z - 11. Let n be d(1). Suppose -n*x + 36370 = 704. Is x a composite number?
False
Let y = 640171 + -447210. Is y a composite number?
False
Let h be (-88)/(-11) + (-2 - -15). Suppose 0*g - g - 16 = 0. Let i = h - g. Is i a prime number?
True
Suppose 3*j = -0*r - 2*r + 21, -5*r + 30 = 3*j. Is r/4*(-416788)/(-87) composite?
False
Let c = 1726 + -335. Let p = c - 502. Is p a prime number?
False
Let y be 45/(-5)*(-20)/15. Is (4/(-1))/(7/((-62202)/y)) composite?
True
Is 55/(-15)*2427/(-1) a composite number?
True
Let h = 39 + -21. Let w = 114 + -109. Suppose -w - h = -s. Is s prime?
True
Is (((-14194264)/(-280))/((-2)/15))/((-6)/4) a prime number?
True
Suppose 5*y = -3*u + 503302, 2*u = -15 + 13. Is y a composite number?
True
Let y be (5/10)/((0 + -3)/(-12)). Suppose x = -2*i + 12, 3*x + 68 = 7*x - y*i. Is (24/x)/(-1 - 1642/(-1636)) composite?
False
Let l(y) = -y**2 + 2*y + 3. Let o be l(0). Suppose -o*f - 5*g = 2*f, 2*f = -4*g - 4. Suppose z + f*x = 79, -4*z + 81 = -3*z + 4*x. Is z composite?
True
Let m be 63406 + 0 - (-12)/18*6. Suppose -3*y = -13*y + m. Is y prime?
False
Suppose -6 = -t - 0. Let a be 12*(2 + 987/t). Let s = 3733 - a. Is s a composite number?
True
Let j(o) = -2*o + 24. Let p be j(10). Let h be (-29721 - p)/5 + (-4)/(-2). Let k = 9296 + h. Is k composite?
True
Suppose 6*n - n = 0. Let j be (0/(-11))/(-2 + n). Suppose 0 = -q - 1, j = 2*i - 4*q + 12 - 390. Is i prime?
False
Let q = 35 - 32. Suppose 0 = q*t, 4*j + 2*t - 13 = -1. Suppose 0 = -2*d - l + 190 + 133, 621 = 4*d - j*l. Is d a composite number?
True
Suppose -1820 = -n - 3*s, -n + 93 = 4*s - 1731. Let x = 3087 - n. Is x a prime number?
True
Suppose -28*j = 3*j - 1792792. Suppose -29*f - j = -37*f. Is f composite?
False
Let l = -46932 - -21444. Let h = -13246 - l. Is h a prime number?
False
Let h(z) = z**2 + 6*z + 3. Let j be h(-6). Suppose 5*m + 2*t = 4*t + 190259, 0 = j*m - 5*t - 114144. Is m prime?
True
Suppose -11*o = 108 + 13. Let h(c) = -10*c**3 + 13*c**2 + 48*c - 4. Is h(o) a composite number?
True
Suppose 0 = 4*b - 3*b - 3, 4273 = -5*z - 4*b. Let u = 672 - z. Is u composite?
True
Suppose -5*y + v + 2*v = -7, 0 = -2*y + v + 3. Is (10 + -9)*-2*(-2017)/y a composite number?
False
Suppose -111*m + 93*m + 140940513 = 171*m. Is m a prime number?
False
Suppose 4*n = 4, 681546 = 4*a - 14*n + 16*n. Is a a prime number?
False
Suppose -5*y - 2*d = -234309, 4*d + 187436 = -2*y + 6*y. Is y composite?
False
Let h = -324 - -963. Let o = h + 148. Is o prime?
True
Suppose -4*z + 69 = g, 0*z - 12 = -z + 5*g. Sup